{"id":731,"date":"2023-12-07T16:01:33","date_gmt":"2023-12-07T19:01:33","guid":{"rendered":"https:\/\/onlinesonorizacoes.com.br\/?post_type=product&#038;p=731"},"modified":"2023-12-07T16:01:34","modified_gmt":"2023-12-07T19:01:34","slug":"luz-cenica-para-decoracao-de-casamento","status":"publish","type":"product","link":"https:\/\/onlinesonorizacoes.com.br\/?product=luz-cenica-para-decoracao-de-casamento","title":{"rendered":"Luz C\u00eanica para Decora\u00e7\u00e3o de Casamento"},"content":{"rendered":"","protected":false},"excerpt":{"rendered":"","protected":false},"featured_media":732,"comment_status":"open","ping_status":"closed","template":"","meta":[],"product_cat":[18],"product_tag":[],"_links":{"self":[{"href":"https:\/\/onlinesonorizacoes.com.br\/index.php?rest_route=\/wp\/v2\/product\/731"}],"collection":[{"href":"https:\/\/onlinesonorizacoes.com.br\/index.php?rest_route=\/wp\/v2\/product"}],"about":[{"href":"https:\/\/onlinesonorizacoes.com.br\/index.php?rest_route=\/wp\/v2\/types\/product"}],"replies":[{"embeddable":true,"href":"https:\/\/onlinesonorizacoes.com.br\/index.php?rest_route=%2Fwp%2Fv2%2Fcomments&post=731"}],"wp:featuredmedia":[{"embeddable":true,"href":"https:\/\/onlinesonorizacoes.com.br\/index.php?rest_route=\/wp\/v2\/media\/732"}],"wp:attachment":[{"href":"https:\/\/onlinesonorizacoes.com.br\/index.php?rest_route=%2Fwp%2Fv2%2Fmedia&parent=731"}],"wp:term":[{"taxonomy":"product_cat","embeddable":true,"href":"https:\/\/onlinesonorizacoes.com.br\/index.php?rest_route=%2Fwp%2Fv2%2Fproduct_cat&post=731"},{"taxonomy":"product_tag","embeddable":true,"href":"https:\/\/onlinesonorizacoes.com.br\/index.php?rest_route=%2Fwp%2Fv2%2Fproduct_tag&post=731"}],"curies":[{"name":"wp","href":"https:\/\/api.w.org\/{rel}","templated":true}]}}